et b be d(3). Let s(j) = 4*j**3 - j + 1. Let u be s(1). Suppose -79 = -v + z, b + 239 = u*v - 5*z. Is v composite?
False
Let f be (0 - -1)/(7/25165). Suppose 10*n = 5*n + f. Is n prime?
True
Let n(r) = -40*r**3 + 15*r**2 + 12*r - 32. Is n(-13) a prime number?
True
Suppose 5*m + 16 + 18 = -3*r, 0 = m + 3*r + 2. Is (m/(-16))/(3/23658) a composite number?
False
Let a be (1 + 3 + -3)/1. Let y(i) be the second derivative of 59*i**5/20 - i**4/12 + i**2/2 + i. Is y(a) composite?
False
Let f be 5 - (5 + (0 - 3)). Suppose 4*l + f*w = 2983, 2*l - w = -l + 2234. Is l a prime number?
False
Let c = 14608 + -4389. Is c composite?
True
Let g(j) = 5*j**2 + 16*j + 14. Let z be g(18). Suppose 4*u - y - z = 2*y, -3*u + 1441 = -2*y. Is u a composite number?
False
Let d be ((-1486)/6)/(-6 - 284/(-48)). Let w = d + -1635. Is w a prime number?
False
Suppose 3*x - d - 4*d - 14750 = 0, 2*d = -4*x + 19658. Is x composite?
True
Let m be (-4)/(-10)*-21 - 4/(-10). Is 3/(6/(-4714))*(m - -7) prime?
True
Let v(d) = -4*d**2 + 3*d + 1. Let s be v(2). Is (-3)/9*(s + -1848) a prime number?
True
Let r(q) = -q**2 - 39*q - 14. Suppose 3*w + 5*g = w - 68, 2*g - 64 = 3*w. Is r(w) a composite number?
True
Suppose -2*s - 3*s = -25, 10 = -i + 2*s. Suppose -4*v + 4*n + 2824 = 0, -5*v + i*n = -3*n - 3520. Is v prime?
True
Let t = 27 + -23. Suppose 1 = -0*y - 2*y - 3*p, 2*y = t*p + 20. Suppose h + 1 = 0, y*j - 789 = j + 3*h. Is j prime?
False
Let b = -124 - -126. Suppose 0 = -b*m - s + 24095 - 395, s + 11853 = m. Is m prime?
False
Let b = 20543 + -2490. Is b composite?
True
Let g(f) be the third derivative of -f**6/120 + f**5/6 - 5*f**4/24 - 3*f**3/2 - 3*f**2. Let i be g(8). Let u = i - -79. Is u a prime number?
False
Let o(n) = n**3 + 10*n**2 - 2*n - 15. Let l be o(-10). Suppose c = 20 - l. Is c prime?
False
Suppose 7*i = 2*i + 10. Let y be ((-6)/(-9))/(i/66). Is (-1970)/(-14) - y/(-77) a prime number?
False
Let b be (42/4)/7 + 45/2. Is 1132/b + (-4)/24 prime?
True
Suppose 2*k + 155 = 1051. Let u = -297 + k. Let m = 278 - u. Is m prime?
True
Suppose 5*m - 4*m - 20 = 0. Let u = m + -20. Suppose -4*b - b + 1045 = u. Is b composite?
True
Let u be (-10)/(-10) - (-1555)/1. Suppose -k - u = -5*k. Is k a composite number?
False
Let p be 17/(-68) - (-2647)/(-4). Let d = 2563 + p. Is d composite?
False
Let j = 7690 + -611. Is j a composite number?
False
Let f(k) be the second derivative of k**5/20 + 5*k**4/6 - 7*k**3/3 + k**2 + 14*k. Is f(8) prime?
False
Suppose -6*m - 1386 = -12*m. Let t = -74 + m. Is t a composite number?
False
Let m(s) = 2*s**3 - 14*s**2 + 12*s + 55. Is m(19) a composite number?
True
Suppose -3*z = -5*t + 29975, -7*t - 5978 = -8*t + 4*z. Is t a composite number?
True
Suppose -70*b + 74*b = 1288. Let j = 219 + b. Is j prime?
True
Suppose -3*l - 2*l = -45. Suppose -1 + l = 4*p. Suppose -2*w + 332 = p*w. Is w a composite number?
False
Suppose 3*f = -5*a + 508, -5*a = -2*f + 503 - 131. Let d = -55 + f. Is d a composite number?
True
Let y = 7308 - 275. Is y a composite number?
True
Let n = -5815 + -4162. Let o be (-17)/(-102) + n/(-6). Is o + -2 + -13 + 9 a composite number?
False
Suppose -5*y = h - 7681, -315 = -4*y - 3*h + 5832. Suppose q + y = 4*s + 4*q, 4*q + 1127 = 3*s. Is s composite?
True
Let o(i) = 2*i**2 + 6*i - 35. Is o(-39) a prime number?
False
Suppose 32*m = 5*m + 1270674. Is m a prime number?
False
Let w = 6803 - 2160. Is w prime?
True
Let l(c) = 4*c + 108. Let n be l(0). Is 11426/18 - (-24)/n a composite number?
True
Suppose p - 1 - 1 = 0. Suppose p*w = -w + 759. Is w a prime number?
False
Let a(g) = -g - 6 + 57 + 2*g + 0*g. Let h(u) = -u**3 - 2*u**2 + 2*u - 3. Let j be h(-3). Is a(j) composite?
True
Let l be (-38)/(-5)*(-83 - 2). Let m = -327 - l. Is m a composite number?
True
Let l(g) = 10*g**2 + 24*g - 14. Suppose 0 = 5*b - 4*k - 66, 4*b = -0*k - k + 36. Is l(b) a composite number?
True
Let l(z) = -z**3 + 34*z**2 + 38*z - 64. Is l(33) prime?
False
Suppose 77 = -r + 82. Suppose -2*y - 3*p = -953, -r*y = -0*y - 3*p - 2414. Is y prime?
False
Let a(g) = -4*g**3 + 24*g**2 + 26*g + 81. Is a(-17) a prime number?
True
Suppose 4*v + 4*y - 12 = 0, 13 - 4 = 3*v + 5*y. Suppose v*t = -0 + 3, -2*t + 264 = 2*z. Is z prime?
True
Let s be (12 - 11)/(2/16). Suppose s*x - 634 = 6*x. Is x a prime number?
True
Let m = 8 - 4. Let q(o) = 3*o**2 + 12*o - 36. Let d be q(-8). Suppose -m*s = -d - 16. Is s prime?
True
Let q = -17 - -17. Suppose -4*w + 54 = -3*g, -2*w + 2*g + 28 = -q*g. Let h(i) = -i**2 + 16*i - 2. Is h(w) composite?
True
Suppose -2*p + x + 0*x = -28613, 5*p = -4*x + 71513. Suppose 4*l - 21465 = -3*n, -2*n - 5*l + p = -4*l. Is n a composite number?
False
Is 12/8 - (2 + (-52796)/8) prime?
True
Suppose 4*v = -4*s + 16, 3*s - 4*v = -v - 18. Let i be (0 - -6) + -4 - s. Suppose -3*a = i*j - 600, 809 = 5*a - a + j. Is a a prime number?
False
Let z = -681 + 13014. Is z prime?
False
Suppose 8617 + 13514 = 9*a. Is a composite?
False
Suppose -f - 924 = -3*f. Suppose -636 - 799 = 7*j. Let g = f + j. Is g a prime number?
True
Let u(v) = 7*v**3 + 0*v**3 + 5 - 8*v**3 - 2*v**2 - 5*v**2 - 6*v. Is u(-9) a prime number?
False
Let v be 594/4 + 10/20. Is v - 3/(3/4) composite?
True
Let z(j) = -166*j. Suppose 2*l = 2*b + 16, -6 = -3*b - 21. Let y(m) = -m + 1. Let u(p) = l*y(p) + z(p). Is u(-4) prime?
False
Let j(i) = -5*i + i**3 + 16*i**2 - 24*i - 12*i + 2*i + 11. Is j(-16) composite?
True
Let p(t) be the second derivative of t**5/10 - 11*t**4/12 + 3*t**3 - 13*t**2/2 + 14*t. Is p(8) a composite number?
True
Let z(i) = i + 10. Let x be z(-7). Suppose 0 = w + x, -2*w = 5*n - w - 2392. Is n a prime number?
True
Let n(i) be the first derivative of 4*i**3/3 - i**2/2 + 2*i - 2. Let p be n(1). Is 0 - -459 - (-3 + p) a composite number?
False
Let f(h) = -h**2 - 5*h. Let c be f(-4). Suppose -2490 = -2*p + 4*x, 0*x - 8 = -c*x. Is p a composite number?
False
Let j(m) = 5*m**2 - 7*m + 15. Let v(u) = u**2 - 6*u + 5. Let k be v(6). Suppose k*r + 8 = 43. Is j(r) composite?
False
Let h be 2/3 - (-8)/6. Let s(g) = -g - 1. Let v be s(-4). Suppose v*x - h*x + 4*i = 43, -5*x = -4*i - 143. Is x a composite number?
False
Suppose 2*s = -3*s - 60. Let o(n) = n**3 + 12*n**2 + 8*n + 14. Let h be o(s). Let g = h + 137. Is g a prime number?
False
Suppose 63124 + 2096 = 12*t. Is t a composite number?
True
Let a(x) = x**3 + 26*x**2 - 12*x + 10. Let b be a(-25). Suppose -2*q + b = w, -2 = 2*q + 6. Is w a prime number?
False
Let n(w) be the second derivative of 7*w**3/2 - w**2 + 12*w. Let g be n(9). Suppose 3*k = k + x + 89, g = 4*k - 5*x. Is k prime?
True
Suppose 5*l = 16*l - 18623. Is l a composite number?
False
Let x(i) = -820*i - 3. Let k be x(-1). Let u = -566 + k. Is u composite?
False
Let u(l) = l**2 + 7*l - 2. Let o be u(-8). Suppose -3*n = -2*z - 813, n + 1359 = o*n - 2*z. Suppose -v = -4*v + n. Is v prime?
False
Let t(n) = 3*n + 10. Let u be t(-6). Is 3 + 6*u/(-12) a prime number?
True
Let l be 8/(-68) + 3 + (-60)/68. Let y(b) = 379*b - 7. Is y(l) prime?
True
Suppose 0 = 4*s - 2*w - 16, -s - 4*w + 4 = -0. Suppose 3*h - 308 = -s*p, 91 - 399 = -4*p + 2*h. Is p prime?
False
Let n(o) = 41*o**2 - 12*o + 2. Let x(u) = -u**2 + 5*u + 9. Let p be x(6). Is n(p) a composite number?
True
Suppose -6*y = -y - 10. Suppose 3*n - 1266 = 3*k, -y*k - 90 - 335 = -n. Is n composite?
False
Let s(t) = 23*t**2 - 5*t + 43. Is s(-10) prime?
True
Suppose c = -2*j + 21581, 30*c + 86300 = 34*c - 4*j. Is c a prime number?
True
Let w be 1 - -1 - (-12)/(-6). Is w + 4 - (2 + -333) composite?
True
Let m be (6/(-5))/(9/(-150)). Let u = m + -10. Suppose -w = -5 - u. Is w prime?
False
Let p = 4276 - 2549. Is p prime?
False
Let i(z) = -4*z**2 + 18619. Is i(0) a prime number?
False
Let a(k) = 2*k - 11. Let y be a(5). Let b be 4 + (2 - 2) + y. Suppose -n + 2*p - 59 = -216, 0 = b*n + p - 471. Is n a composite number?
False
Suppose -s + 4245 = 4*f, 0 = 3*s - 2*f - 1377 - 11400. Let j = s - 2998. Is j a prime number?
True
Suppose -3*o - 2*s + 5 = -1, -3*o + 2*s = -18. Suppose 59 = -o*f + 287. Suppose -f = -6*d + 3*d. Is d prime?
True
Let p = 52696 - 36093. Is p a composite number?
False
Suppose 3*j - 4 = j. Let s(v) = v. Let x be s(j). Suppose -2*f = -4*m - 814, -x*f = -3*f + 3*m + 404. Is f prime?
False
Let m be 23/7 - (-12)/(-42). Let n(b) = 473*b - 10. 